the hundred thousands digit of 2867990?
8
What is the ten millions digit of 16786302?
1
What is the ten thousands digit of 100185?
0
What is the thousands digit of 2375087?
5
What is the tens digit of 227053?
5
What is the hundred thousands digit of 1433302?
4
What is the tens digit of 7066528?
2
What is the millions digit of 1227556?
1
What is the units digit of 1421233?
3
What is the tens digit of 2247528?
2
What is the hundred thousands digit of 115554?
1
What is the hundred thousands digit of 1327099?
3
What is the hundreds digit of 172770?
7
What is the tens digit of 3677085?
8
What is the hundreds digit of 142082?
0
What is the ten thousands digit of 17282086?
8
What is the hundreds digit of 221664?
6
What is the units digit of 692305?
5
What is the thousands digit of 202963?
2
What is the tens digit of 2061749?
4
What is the ten millions digit of 27547524?
2
What is the hundred thousands digit of 228108?
2
What is the hundred thousands digit of 213644?
2
What is the hundreds digit of 295344?
3
What is the hundred thousands digit of 2566184?
5
What is the millions digit of 5917666?
5
What is the millions digit of 4566052?
4
What is the tens digit of 30213636?
3
What is the hundred thousands digit of 897928?
8
What is the hundreds digit of 3418224?
2
What is the ten millions digit of 12559334?
1
What is the hundreds digit of 1651031?
0
What is the units digit of 298965?
5
What is the hundred thousands digit of 7004973?
0
What is the thousands digit of 5798378?
8
What is the hundreds digit of 32910?
9
What is the hundred thousands digit of 18588557?
5
What is the ten thousands digit of 9145947?
4
What is the hundreds digit of 538392?
3
What is the units digit of 139769?
9
What is the thousands digit of 1275830?
5
What is the units digit of 1108197?
7
What is the tens digit of 8849933?
3
What is the tens digit of 268861?
6
What is the units digit of 1913322?
2
What is the millions digit of 9864262?
9
What is the hundred thousands digit of 356697?
3
What is the ten thousands digit of 4300099?
0
What is the millions digit of 1314635?
1
What is the ten millions digit of 15469293?
1
What is the ten thousands digit of 1005083?
0
What is the hundred thousands digit of 1586502?
5
What is the units digit of 45183?
3
What is the units digit of 16610045?
5
What is the tens digit of 572732?
3
What is the ten thousands digit of 10316811?
1
What is the hundreds digit of 214479?
4
What is the tens digit of 12065211?
1
What is the units digit of 259465?
5
What is the ten thousands digit of 3423878?
2
What is the tens digit of 2313741?
4
What is the ten thousands digit of 24259?
2
What is the hundred thousands digit of 368751?
3
What is the hundred thousands digit of 592842?
5
What is the tens digit of 216134?
3
What is the tens digit of 130164?
6
What is the ten thousands digit of 6266816?
6
What is the units digit of 302888?
8
What is the units digit of 71695?
5
What is the millions digit of 1904564?
1
What is the tens digit of 11388627?
2
What is the hundreds digit of 3065121?
1
What is the hundreds digit of 132961?
9
What is the thousands digit of 20504184?
4
What is the units digit of 177898?
8
What is the hundred thousands digit of 405808?
4
What is the tens digit of 10919?
1
What is the hundreds digit of 1209250?
2
What is the tens digit of 2225972?
7
What is the units digit of 796528?
8
What is the ten thousands digit of 468786?
6
What is the ten thousands digit of 2882508?
8
What is the ten thousands digit of 13809703?
0
What is the hundreds digit of 40771?
7
What is the tens digit of 6282668?
6
What is the thousands digit of 538482?
8
What is the ten thousands digit of 542024?
4
What is the tens digit of 28662908?
0
What is the tens digit of 217647?
4
What is the hundred thousands digit of 1174647?
1
What is the thousands digit of 286913?
6
What is the tens digit of 468708?
0
What is the hundreds digit of 475753?
7
What is the hundred thousands digit of 1118035?
1
What is the tens digit of 836976?
7
What is the ten thousands digit of 998665?
9
What is the units digit of 984423?
3
What is the thousands digit of 3991349?
1
What is the thousands digit of 350894?
0
What is the thousands digit of 184061?
4
What is the ten thousands digit of 166709?
6
What is the ten thousands digit of 829941?
2
What is the units digit of 661315?
5
What is the thousands digit of 111450?
1
What is the hundred thousands digit of 1241657?
2
What is the thousands digit of 11069034?
9
What is the hundreds digit of 207685?
6
What is the units digit of 3453980?
0
What is the tens digit of 140042?
4
What is the thousands digit of 2974188?
4
What is the tens digit of 107779?
7
What is the ten thousands digit of 56153?
5
What is the hundred thousands digit of 4929134?
9
What is the hundred thousands digit of 268433?
2
What is the millions digit of 9066043?
9
What is the millions digit of 4669909?
4
What is the tens digit of 127041?
4
What is the units digit of 59607?
7
What is the thousands digit of 3533304?
3
What is the hundreds digit of 1458617?
6
What is the millions digit of 6358946?
6
What is the ten thousands digit of 220220?
2
What is the hundreds digit of 269130?
1
What is the tens digit of 177910?
1
What is the ten thousands digit of 3826988?
2
What is the ten thousands digit of 44857?
4
What is the hundreds digit of 302428?
4
What is the thousands digit of 7624491?
4
What is the millions digit of 5297345?
5
What is the units digit of 5198700?
0
What is the units digit of 1780971?
1
What is the hundred thousands digit of 606437?
6
What is the thousands digit of 209537?
9
What is the thousands digit of 6985495?
5
What is the hundreds digit of 118965?
9
What is the hundreds digit of 7179920?
9
What is the tens digit of 271777?
7
What is the ten thousands digit of 11312643?
1
What is the hundreds digit of 276712?
7
What is the ten thousands digit of 2051283?
5
What is the ten thousands digit of 23989069?
8
What is the ten thousands digit of 1671891?
7
What is the hundred thousands digit of 4194146?
1
What is the units digit of 826454?
4
What is the thousands digit of 1183053?
3
What is the hundreds digit of 140472?
4
What is the units digit of 98509?
9
What is the hundred thousands digit of 3271303?
2
What is the hundreds digit of 86542?
5
What is the ten thousands digit of 2212033?
1
What is the ten thousands digit of 285270?
8
What is the units digit of 12846810?
0
What is the hundreds digit of 16731062?
0
What is the tens digit of 11682265?
6
What is the units digit of 221879?
9
What is the hundred thousands digit of 219109?
2
What is the units digit of 3089250?
0
What is the hundred thousands digit of 2537452?
5
What is the tens digit of 799732?
3
What is the units digit of 38226?
6
What is the hundreds digit of 3513671?
6
What is the ten thousands digit of 8024766?
2
What is the ten millions digit of 29999841?
2
What is the units digit of 5239412?
2
What is the ten thousands digit of 2796571?
9
What is the millions digit of 3098820?
3
What is the units digit of 5292389?
9
What is the hundreds digit of 10055732?
7
What is the ten thousands digit of 5334385?
3
What is the ten thousands digit of 1964606?
6
What is the hundred thousands digit of 213480?
2
What is the millions digit of 16901615?
6
What is the millions digit of 8293150?
8
What is the millions digit of 1731663?
1
What is the hundreds digit of 31379371?
3
What is the tens digit of 21262?
6
What is the thousands digit of 161408?
1
What is the thousands digit of 3349251?
9
What is the tens digit of 737523?
2
What is the tens digit of 848515?
1
What is the millions digit of 1226428?
1
What is the units digit of 797610?
0
What is the ten millions digit of 17624004?
1
What is the hundreds digit of 10429?
4
What is the ten thousands digit of 1165498?
6
What is the tens digit of 920592?
9
What is the thousands digit of 1882911?
2
What is the hundreds digit of 11583738?
7
What is the hundred thousands digit of 2058019?
0
What is the hundreds digit of 4318677?
6
What is the units digit of 3501939?
9
What is the ten thousands digit of 893395?
9
What is the ten thousands digit of 381875?
8
What is the millions digit of 2685645?
2
What is the hundreds digit of 5162814?
8
What is the hundreds digit of 2062520?
5
Wha